 - 85*p - 583. Give c(-18).
-25
Let g(i) = -404*i**2 - 1651*i - 6. What is g(-4)?
134
Let c(s) = 1151*s**2 - 188*s + 158. Calculate c(1).
1121
Let n(g) = g**2 + 919*g - 89798. Determine n(89).
-86
Let p(o) = -3*o**2 + 144455*o - 288906. Determine p(2).
-8
Let m(o) = -7*o**3 + 3881*o**2 - 1788*o + 69798. Determine m(554).
-6
Let y(b) = 1705*b + 56387. What is y(-33)?
122
Let f(c) = c**3 - 271*c**2 + 9990*c - 454. Calculate f(227).
0
Let p(t) = 2*t**3 - 36*t**2 - 1855*t + 34550. What is p(19)?
27
Let l(a) = -8*a**2 + 35*a + 296. What is l(-9)?
-667
Let f(t) = t**3 - 34*t**2 + 135*t - 287. Determine f(29).
-577
Let i(u) = u**2 + 84*u + 422. Give i(-8).
-186
Let m(u) = -44*u - 2686. Give m(-40).
-926
Let o(k) = 2*k**3 + 112*k**2 - 665*k - 31413. Calculate o(-57).
-6
Let w(m) = -1305*m + 18160. What is w(14)?
-110
Let j(k) = 2*k**3 - 207*k**2 + 1967*k - 1309. Determine j(93).
-7
Let m(d) = 8*d**3 + 60*d**2 + 100*d + 503. What is m(-7)?
-1
Let h(p) = 23*p**2 - 9263*p + 6843. Give h(402).
9
Let r(j) = 5*j**2 + 15*j + 106. Give r(20).
2406
Let v(r) = -8*r**2 - 104*r + 1513. Give v(9).
-71
Let a(t) = 117*t**3 + 30*t**2 - 14*t - 213. Calculate a(3).
3174
Let v(i) = -i**3 + 12*i**2 - 118*i - 23. Calculate v(7).
-604
Let g(y) = -y**3 - 146*y**2 - 801*y - 912. Calculate g(-4).
20
Let i(z) = 18693*z + 18684. Determine i(-1).
-9
Let g(w) = -19*w**2 - 331*w - 329. What is g(-1)?
-17
Let j(c) = -3*c**2 + 283*c - 1200. Calculate j(91).
-290
Let y(q) = -q**2 - 154*q - 9310. Calculate y(-60).
-3670
Let c(b) = 355*b + 7163. Calculate c(-20).
63
Let v(y) = -y**3 + 17*y**2 - 61*y - 929. What is v(-5)?
-74
Let x(d) = 72*d**3 - 26497*d**2 + 366*d + 689. What is x(368)?
-47
Let c(o) = 39*o**3 - o**2 - o + 881. Calculate c(0).
881
Let r(o) = -4*o**3 + 256*o**2 - 1303*o + 66220. What is r(63)?
7
Let h(x) = -375*x - 157877. Calculate h(-421).
-2
Let m(j) = 1998*j - 12045. What is m(6)?
-57
Let l(w) = -w**2 + 29897*w + 209330. Give l(-7).
2
Let o(i) = -228*i**3 - i**2 - 64*i - 64. What is o(-1)?
227
Let j(f) = 66199*f - 290. Calculate j(0).
-290
Let k(s) = -1384835*s - 5539412. Give k(-4).
-72
Let m(r) = -r**3 - 220*r**2 - 2133*r - 6919. What is m(-210)?
11
Let h(r) = -r**2 + 431*r + 4381. What is h(-10)?
-29
Let i(l) = -7368*l - 346300. Give i(-47).
-4
Let h(b) = -2*b**2 + 219*b + 1316. Give h(-6).
-70
Let m(k) = 15*k**3 - 7*k**2 - 4*k + 6. Give m(2).
90
Let a(p) = -6*p**3 - 483*p**2 - 232*p - 112. Determine a(-80).
-752
Let c(k) = -791*k + 2275. Give c(5).
-1680
Let f(s) = -4758*s**2 + 107*s + 7. Calculate f(0).
7
Let k(r) = 9407*r - 234663. Determine k(25).
512
Let i(u) = -u**2 + 5353*u - 64100. Determine i(12).
-8
Let x(o) = -o**3 - 536*o**2 - 37228*o - 2. Calculate x(-82).
-2
Let a(v) = -26*v**2 + 9676*v - 1512. Calculate a(372).
-24
Let c(u) = -u**2 - 298*u - 16156. Calculate c(-227).
-39
Let m(w) = -466*w**2 - 14*w - 3. Calculate m(2).
-1895
Let h(p) = -2*p**2 + 31598*p + 63203. Calculate h(-2).
-1
Let o(t) = -19458*t + 972884. What is o(50)?
-16
Let p(a) = -21*a**3 - 2624*a**2 + 74*a - 6366. Calculate p(-125).
9
Let i(k) = -35*k**2 + 71150*k - 284620. What is i(4)?
-580
Let z(c) = 2*c**3 - 449*c**2 + 2490*c - 17735. Determine z(219).
4
Let t(b) = -1872*b**2 - 13109*b - 29. What is t(-7)?
6
Let a(l) = -14*l**3 + 991*l**2 + 198*l + 1007. Give a(71).
-58
Let m(u) = -3578*u - 218270. Determine m(-61).
-12
Let g(w) = 54*w**2 - 173*w - 220. Give g(-1).
7
Let w(g) = -22*g**2 - 9089*g + 17005. Calculate w(-415).
-10
Let j(u) = -27956*u - 44533896. What is j(-1593)?
12
Let x(y) = -y**2 - 162*y + 159063. Give x(326).
-25
Let m(o) = 14983*o - 92322. Calculate m(6).
-2424
Let l(t) = -106058*t + 2121164. Determine l(20).
4
Let o(g) = -g**3 + 882*g**2 + 3514*g + 26575. Calculate o(886).
-5
Let u(c) = -2*c**3 - 183*c**2 - 134*c - 3888. Calculate u(-91).
25
Let l(v) = 255*v**2 - 37741*v + 189. What is l(148)?
41
Let g(n) = 430640*n - 4306564. Determine g(10).
-164
Let r(c) = 1531*c - 10675. Determine r(7).
42
Let m(o) = -o**3 - 402*o**2 - 386*o + 6818. What is m(-401)?
803
Let l(r) = -75*r**2 + 1053*r + 1067. Calculate l(15).
-13
Let i(x) = -1023*x - 6403. Give i(-6).
-265
Let i(c) = -c**2 - 340*c - 24402. What is i(-103)?
9
Let y(k) = -k**2 + 44*k + 1402. Give y(70).
-418
Let o(y) = -y**3 + 5*y**2 + 12210*y - 85314. Determine o(7).
58
Let w(y) = 4*y**3 - 29*y**2 + 3*y - 21. Give w(10).
1109
Let m(p) = -43*p**2 + 378*p + 140. Give m(9).
59
Let a(g) = -59*g - 7664. Determine a(-139).
537
Let w(f) = 1937*f - 65277. Determine w(34).
581
Let d(y) = 8*y**3 + 295*y**2 + 275*y + 873. Give d(-36).
45
Let p(j) = -159*j - 3924. Determine p(-25).
51
Let l(y) = -2*y**2 + 22187*y - 155294. Determine l(7).
-83
Let g(i) = 2223*i + 106671. Give g(-48).
-33
Let o(j) = -138197*j + 18242003. Calculate o(132).
-1
Let l(a) = 4088*a - 8176. What is l(2)?
0
Let s(p) = -p**3 + 42*p**2 - 426*p - 521. Give s(24).
-377
Let s(t) = 158*t**2 - 2147*t + 4476. Calculate s(11).
-23
Let w(c) = 4*c**3 - 566*c**2 - 361*c + 10942. Give w(142).
8
Let n(t) = 6*t**3 - 11*t**2 - 143*t + 153. What is n(1)?
5
Let f(m) = -60620*m - 1091148. Give f(-18).
12
Let g(f) = -20551*f - 2712715. Calculate g(-132).
17
Let g(z) = 64*z**2 - 189*z - 3476. Give g(9).
7
Let n(z) = 34792*z - 382704. Calculate n(11).
8
Let w(p) = 107*p - 41007. Calculate w(342).
-4413
Let d(z) = z**3 - 17*z**2 - 63*z + 115. Calculate d(22).
1149
Let u(l) = -31*l**2 + 19*l + 505. Calculate u(-7).
-1147
Let j(g) = -144*g - 4854. What is j(-33)?
-102
Let w(k) = 5*k**2 + 635*k + 3055. Determine w(-122).
5
Let w(i) = -i**3 + 7*i**2 + 160*i - 221. What is w(16)?
35
Let k(g) = -g**3 - 18*g**2 + 314*g - 11. Determine k(9).
628
Let n(x) = -x**3 + 39*x**2 + 321*x + 497. Give n(46).
451
Let v(d) = 253*d**2 - 615*d + 218. Calculate v(2).
0
Let a(b) = 52*b + 3387. Calculate a(-70).
-253
Let y(z) = -14*z**2 + 5715*z - 1303. What is y(408)?
-79
Let z(x) = -x**2 - 376*x - 26626. Give z(-96).
254
Let w(d) = 6*d**3 - 10*d**2 + 32*d - 108. Calculate w(6).
1020
Let y(b) = 8340*b + 75050. Determine y(-9).
-10
Let h(t) = 3*t**2 + 1269*t - 40743. Give h(31).
1479
Let j(h) = -4*h**2 - 389*h - 528. Give j(-101).
-2043
Let y(i) = 5*i**2 - 97*i + 282. Give y(3).
36
Let t(g) = g**3 - 33*g**2 + 69*g + 2490. What is t(27)?
-21
Let b(r) = 13*r**3 - 8023*r**2 + 1220*r + 8738. What is b(617)?
100
Let w(c) = -c**3 - 220*c**2 + 38073*c + 343. Determine w(114).
1
Let t(w) = -w**3 - 228*w**2 - 7445*w + 2994. Give t(-40).
-6
Let y(g) = g**2 - 240*g - 15230. Calculate y(-52).
-46
Let t(l) = 3*l**2 - 464*l + 1029. What is t(154)?
721
Let g(c) = c**2 - 21114*c + 1074182. Determine g(51).
-31
Let v(f) = -2*f**2 + 13261*f + 132530. Calculate v(-10).
-280
Let j(i) = 36400*i - 291211. Calculate j(8).
-11
Let f(s) = -136*s**2 - 41208*s - 133. Determine f(-303).
-133
Let c(z) = 25*z**3 + 400*z**2 - 42*z + 13. Give c(-16).
685
Let k(b) = -583*b + 176. What is k(1)?
-407
Let s(h) = -8*h**3 - 50*h**2 + 9*h - 58. Give s(-7).
173
Let g(u) = 11*u**2 + 667*u - 6306. Determine g(-69).
42
Let b(h) = h**3 - 26*h**2 - 45*h - 655. What is b(29)?
563
Let q(m) = 52992*m + 476696. Give q(-9).
-232
Let n(p) = -1000*p - 118995. Determine n(-119).
5
Let g(c) = 94079*c - 1599306. What is g(17)?
37
Let c(j) = 8*j**2 - 5*j + 2. Determine c(2).
24
Let i(x) = x**2 + 6734*x + 492906. What is i(-74)?
66
Let o(j) = 2*j**3 - 29*j**2 - 15707*j + 204708. What is o(13)?
10
Let t(k) = 1282469*k - 1282443. Calculate t(1).
26
Let n(f) = 12*f**2 + 1183*f + 3070. Give n(-96).
94
Let c(t) = 4*t**2 + 1704*t - 22853. Calculate c(13).
-25
Let v(b) = b**2 - 525*b - 49076. Give v(606).
10
Let b(m) = -190*m + 6609. Calculate b(35).
-41
Let g(c) = -c**2 + 2004*c - 975109. Give g(832).
-5
Let t(x) = -3*x**3 + 103*x**2 + 64*x - 1808. Determine t(33).
4660
Let i(b) = -4*b**3 + 227*b**2 - 198*b - 15. Calculate i(1).
10
Let m(f) = 2*f**3 - 19*f**2 - 40*f + 96. Calculate m(-3).
-9
Let g(c) = -c**3 + 701*c**2 - 27059*c + 51. Give g(41).
92
Let u(f) = -286*f + 123003. Calculate u(430).
23
Let c(n) = -30059*n + 60123. Give c(2).
5
Let x(m) = -5*m**2 - 1333*m - 11138. Determine x(-258).
-44
Let i(q) = 5*q**3 - 15*q**2 - 14498*q + 28995. Calculate i(2).
-21
Let j(t) = -25*t**2 - 55*t + 219. Determine j(0).
219
Let b(j) = -2457*j + 8101. Calculate b(4)